 remainder when 2/10 + (-2512)/(-40) is divided by 22.
19
Let y = -109 - -132. What is the remainder when y is divided by 12?
11
Suppose 18 = 2*u - 34. Let w = -4 - -9. Suppose 0 = 4*v - 4*x - 35 - 21, w*v - 70 = 4*x. Calculate the remainder when u is divided by v.
12
Let x(f) = -f**3 - 8*f**2 + 7*f - 13. What is the remainder when 38*(2/4 - 0) is divided by x(-9)?
4
Let g(x) = x**2 - 2*x. Let b be g(2). Suppose b = -5*m - 5*v + 4 + 61, 4*m - 47 = -3*v. Calculate the remainder when 15 is divided by m.
7
Let n = -14 - -27. Suppose 241 + 83 = 9*v. What is the remainder when v is divided by n?
10
Let u = 9 + 4. What is the remainder when 38 is divided by u?
12
Suppose -2*l + 5*l + c = 56, 0 = 3*l - 4*c - 76. What is the remainder when 37 is divided by l?
17
Suppose -60 = -6*c + c. What is the remainder when 83 is divided by c?
11
Suppose 1 = 3*u - 17. What is the remainder when u is divided by 68/20 - 6/(-10)?
2
Let k(h) = -h - 3. Suppose 2*i + 3 = -5. Let c(d) = d**2 + 3*d - 1. Calculate the remainder when k(-7) is divided by c(i).
1
Let o(v) = -v**3 + 5*v**2 + 6*v + 6. Let f be o(6). Let p(x) = x**2 - 6*x + 5. What is the remainder when 26*-1*(-2)/4 is divided by p(f)?
3
Let t(s) = -4*s + 2. Calculate the remainder when 53 is divided by t(-4).
17
Let p = -17 - -13. Let y = 5 + p. What is the remainder when y is divided by 1?
0
Let x(c) = -c**2 + 12*c. Calculate the remainder when x(6) is divided by 19.
17
Let d(j) = -j**3 + 7*j**2 + 7*j + 9. Let i be d(8). Let f be (3 + -2)/i*-1. Calculate the remainder when 15 is divided by (1 + f/3)*12.
7
Calculate the remainder when 3 - 0 - -57 - -3 is divided by (24*-1)/((-6)/4).
15
Let z(v) = -v**3 + 9*v**2 - v + 13. Suppose 0 = n - 0*n - 13. Calculate the remainder when n is divided by z(9).
1
Let a be 1015/25 - (-6)/15. Calculate the remainder when 2*a/(-4)*-2 is divided by 11.
8
Suppose 3*s - 2*p - 26 = 0, -s + 2*s + 5*p - 3 = 0. Calculate the remainder when 1/(-3) - (-140)/6 is divided by s.
7
Suppose -36 + 15 = -3*s. Calculate the remainder when 20 is divided by s.
6
Calculate the remainder when -9*1/(-3) + 41 is divided by 19.
6
Let m be 18/4*8/6. Let i = -1 + m. Suppose -2*n - 18 = -3*n + 3*j, 5*n = i*j + 60. What is the remainder when n is divided by 5?
4
Suppose -4*h = 2*i + 32, 5*h - i + 40 = -3*i. Let a = h + 15. What is the remainder when 18 is divided by a?
4
Let n be -3*(1 + 0)*-1. Suppose 28 = n*s + s. Let y(z) = -z**2 + 6*z + 7. What is the remainder when y(5) is divided by s?
5
Let g = -41 - -67. What is the remainder when g is divided by 14?
12
Let v = 67 + -35. Suppose 3*u + u - 75 = -5*y, -4*u = -20. Calculate the remainder when v is divided by y.
10
Suppose 35 = 4*a - t, -a + 2*t = -2*t + 10. What is the remainder when (-2)/(-11) + (-1664)/(-44) is divided by a?
8
Let r = -32 + 47. Calculate the remainder when 41 is divided by r.
11
Suppose 3*d - 3 - 3 = 0. Suppose -81 = -q - d*q. What is the remainder when q is divided by 2/((-6)/(-45)) - 1?
13
Let u(g) = 2*g**2 - 8. Calculate the remainder when u(4) is divided by 9.
6
Let a = -86 + 136. Suppose 23 = c + 3*o, -5*c - 2*o + 0*o + a = 0. Let n(p) = -2*p - 3. Calculate the remainder when c is divided by n(-4).
3
Suppose 3*t - 41 = -2*h - 2*h, 2*h = -3*t + 43. Suppose -4*s = -85 - 87. What is the remainder when s is divided by t?
13
Let p = -22 + 34. Calculate the remainder when 45 is divided by p.
9
Let v = -12 - -18. What is the remainder when 21 is divided by v?
3
Let n = 1 - -12. Suppose -y = -u - u - 28, 63 = y + 5*u. Calculate the remainder when y is divided by n.
12
Let y = 117 + -92. What is the remainder when 67 is divided by y?
17
Let m = 4 - 7. What is the remainder when -58*m/6*1 is divided by (-2 + -5 + 2)/((-4)/12)?
14
Let j = 35 + -25. Suppose u - 11 = -3*h, 3*h + j - 65 = -5*u. What is the remainder when 41 is divided by u?
8
Suppose 3*x + 15 = 8*x. Suppose -5*d - 2*m = -42, 4 = -m + 5*m. What is the remainder when d is divided by x?
2
Let i(m) = m**2 - 3*m - 7. Let r be i(5). Suppose 0*c = r*c + 9. Let u = c - -13. What is the remainder when 19 is divided by u?
9
Let t = 100 + -85. Calculate the remainder when 23 is divided by t.
8
What is the remainder when 84 is divided by 33 - (4 + (1 - 1))?
26
Let t be (-1*2)/((-10)/25). Let y be (-2 - 1)/(3/(-2)). Suppose -t*o + 126 = -y*o. Calculate the remainder when o is divided by 22.
20
Let i(b) = b**3 + 10*b**2 + 17*b + 20. Calculate the remainder when i(-6) is divided by (1/(2/32))/1.
14
Let m(v) = -v**3 - 2*v**2 + 10*v + 7. Let l be m(-6). Let w = -48 + l. Suppose 4*q - 2 - 58 = 0. Calculate the remainder when w is divided by q.
13
Let f = -4 + 5. What is the remainder when 58 is divided by -10*(f - (-1 - -4))?
18
Let s(q) = -21*q**3 + q. Let x(v) = v**2 - v - 1. Let b be x(0). Calculate the remainder when (-154)/(-4) - 2/(-4) is divided by s(b).
19
Suppose 0 = 5*w + w - 186. Calculate the remainder when w is divided by 19.
12
Suppose 0 = 4*i - 4*u - 320, -3*i = u - 0*u - 232. Calculate the remainder when i is divided by 20.
18
Let x = 60 + -12. Calculate the remainder when 189 is divided by x.
45
Suppose 42 = 7*p - 98. What is the remainder when p is divided by 12?
8
Let p be (-21)/(-14)*(-4)/3. Calculate the remainder when 2/p*(-32 - -4) is divided by 6.
4
Let f = -3 - -8. Let m(d) = -d**3 + 6*d**2 - d - 7. Calculate the remainder when m(f) is divided by 4 + -1 + (0 - -2).
3
Let a(t) = -t + 1. Let k be (-4)/6 - (-2)/(-6). Let y(l) = -l**2 + l. Let n(x) = k*y(x) - 4*a(x). What is the remainder when 17 is divided by n(-5)?
5
Let g be ((-1)/2)/((-2)/16). Suppose -w = -g*w. Suppose 2*p + x - 24 = -8, w = 2*p - 4*x - 36. What is the remainder when p is divided by 4?
2
Calculate the remainder when (-10*(-1)/4)/((-3)/(-6)) is divided by 1.
0
Suppose 5*y - 172 = 103. Calculate the remainder when y is divided by (152/12)/(2/3).
17
Suppose 2*h - 4*h = -196. Calculate the remainder when h is divided by 25.
23
Let c(q) = q**2 + 7*q + 6. Let i be c(-6). Let a = i + 12. What is the remainder when a is divided by 7?
5
Let f(v) = v**2 - 3*v - 10. Let h be f(7). Let k = -13 + h. Let w(a) = -3*a + 4. Calculate the remainder when w(-3) is divided by k.
3
Let v = 61 - 43. Let q = 41 - v. Calculate the remainder when q is divided by 1 + (132/4)/3.
11
Suppose -76 = 2*f - 4*f. Suppose 5 = -a + 25. What is the remainder when f is divided by a?
18
Suppose -2*h = -4*n - 32, 2*n + n = -5*h + 93. Let z(i) = i**3 - 4*i**2 + 4*i - 6. Calculate the remainder when h is divided by z(4).
8
Suppose 3*q + 11 = 32. Calculate the remainder when 68 is divided by q.
5
Let i(c) = c**2 - c. Let s(y) = -y**3 - 7*y**2 - 8*y - 5. Calculate the remainder when i(-4) is divided by s(-6).
6
What is the remainder when ((-2)/3)/(5/(-615)) is divided by 21?
19
Let v = -114 + 168. Calculate the remainder when v is divided by 28.
26
Let j be (-1)/3 - 292/(-12). What is the remainder when 12 is divided by 3 + -4 + j/4?
2
Suppose -45 = -6*c + c. Let d(k) = -k**3 + 10*k**2 - 9*k + 4. Let m be d(c). Let z(f) = -f**2 + 4*f + 3. Calculate the remainder when 5 is divided by z(m).
2
Let f(d) = d**2 - 4*d + 1. Let h be f(3). Calculate the remainder when (-512)/(-36) + h/9 is divided by 8.
6
Let s = 92 + -34. Calculate the remainder when s is divided by 12.
10
Let f = -8 - -10. Suppose f*d - 4 = 8. What is the remainder when d is divided by 2?
0
Let j(d) = -4*d + 1. Let s be j(1). Let q = s - -5. Calculate the remainder when 3 is divided by q.
1
Suppose 2*p - 1 = 17. What is the remainder when p is divided by 3?
0
Suppose -v - 5 = 0, 3*r + 2*v - 6*v = 74. What is the remainder when 53 is divided by r?
17
Suppose 130 - 6 = 4*y. Let s(j) = -j**2 + 10*j - 10. Let u(q) = -q + 1. Let z be u(-6). What is the remainder when y is divided by s(z)?
9
Suppose -y + 46 = -0. Suppose 3*q = 5*i + 122 - 34, 5*i + y = q. Suppose -j = 2*g - 2*j - q, 0 = 3*g - j - 32. What is the remainder when 32 is divided by g?
10
Suppose 3*q = -3*x + 24, 0 = q - 3*q + 5*x - 19. Suppose q*l = l + 48. Let f = 26 + -13. Calculate the remainder when l is divided by f.
11
Let v = -61 + 105. Let m(b) = -2*b + 6. Let x be m(9). Let y = 27 + x. Calculate the remainder when v is divided by y.
14
Let f be 896/21 - 2/3. Suppose -37 = -x - 4*g, g - f = -x - 4*g. What is the r